{"id":70,"date":"2024-02-05T12:22:27","date_gmt":"2024-02-05T11:22:27","guid":{"rendered":"https:\/\/parlabas.fr\/?page_id=70"},"modified":"2025-11-01T14:58:32","modified_gmt":"2025-11-01T13:58:32","slug":"defis-artistiques-du-confinement","status":"publish","type":"page","link":"https:\/\/parlabas.fr\/index.php\/defis-artistiques-du-confinement\/","title":{"rendered":"D\u00e9fis artistiques du confinement"},"content":{"rendered":"\n<div class=\"wp-block-group is-vertical is-layout-flex wp-container-core-group-is-layout-8cf370e7 wp-block-group-is-layout-flex\">\n<p><\/p>\n\n\n\n<p>Chaque jour, pendant les 54 jours du 1er confinement commenc\u00e9 en mars 2020, je fabrique une vid\u00e9o pour proposer un d\u00e9fi artistique \u00e0 mes proches.<\/p>\n\n\n\n<p>Avec mon t\u00e9l\u00e9phone, je filme une courte s\u00e9quence, de 30 secondes \u00e0 2 minutes.<\/p>\n\n\n\n<p>Je choisis une id\u00e9e de d\u00e9fi.<\/p>\n\n\n\n<p>Puis en une heure ou deux maximum, je transforme mon logement en studio de fortune, me mettant en sc\u00e8ne avec les objets qui m&rsquo;entourent.<\/p>\n\n\n\n<p>Je choisis une musique.<\/p>\n\n\n\n<p>J&rsquo;explore les techniques du jeu d&rsquo;acteur (maquillage, costumation, d\u00e9tournements d&rsquo;objets&#8230;) et les techniques du cadrage avec la contrainte du selfie.<\/p>\n\n\n\n<p>Et j&rsquo;envoie le fichier dans la foul\u00e9e, sans retouche ni montage, via whatsapp.<\/p>\n\n\n\n<p><\/p>\n<\/div>\n\n\n\n<div style=\"height:24px\" aria-hidden=\"true\" class=\"wp-block-spacer\"><\/div>\n\n\n\n<p><strong>Extraits<\/strong><\/p>\n\n\n\n<div class=\"wp-block-media-text is-stacked-on-mobile\" style=\"grid-template-columns:32% auto\"><figure class=\"wp-block-media-text__media\"><video controls src=\"https:\/\/parlabas.fr\/wp-content\/uploads\/2024\/02\/Defi52.mp4\"><\/video><\/figure><div class=\"wp-block-media-text__content\">\n<div class=\"wp-block-group is-vertical is-layout-flex wp-container-core-group-is-layout-8cf370e7 wp-block-group-is-layout-flex\">\n<p>D\u00e9fi 52 <\/p>\n\n\n\n<p>D\u00e9fi : couture<\/p>\n\n\n\n<p>Extrait musical : Bj\u00f6rk It&rsquo;s Oh so Quiet<\/p>\n<\/div>\n<\/div><\/div>\n\n\n\n<div style=\"height:32px\" aria-hidden=\"true\" class=\"wp-block-spacer\"><\/div>\n\n\n\n<div style=\"height:40px\" aria-hidden=\"true\" class=\"wp-block-spacer\"><\/div>\n\n\n\n<div class=\"wp-block-media-text is-stacked-on-mobile\" style=\"grid-template-columns:32% auto\"><figure class=\"wp-block-media-text__media\"><video controls src=\"https:\/\/parlabas.fr\/wp-content\/uploads\/2024\/02\/Defi27.mp4\"><\/video><\/figure><div class=\"wp-block-media-text__content\">\n<div class=\"wp-block-group is-vertical is-layout-flex wp-container-core-group-is-layout-8cf370e7 wp-block-group-is-layout-flex\">\n<p>D\u00e9fi 27<\/p>\n\n\n\n<p>D\u00e9fi : mauvaises herbes<\/p>\n\n\n\n<p>Extrait musical : Vivaldi les quatre saisons<\/p>\n<\/div>\n<\/div><\/div>\n\n\n\n<div style=\"height:33px\" aria-hidden=\"true\" class=\"wp-block-spacer\"><\/div>\n\n\n\n<p><strong>Quelques vignettes des 54 d\u00e9fis<\/strong><\/p>\n\n\n\n<figure class=\"wp-block-image size-full is-resized\"><img loading=\"lazy\" decoding=\"async\" width=\"849\" height=\"235\" src=\"https:\/\/parlabas.fr\/wp-content\/uploads\/2024\/02\/Defis-4.jpg\" alt=\"\" class=\"wp-image-401\" style=\"width:854px;height:auto\" srcset=\"https:\/\/parlabas.fr\/wp-content\/uploads\/2024\/02\/Defis-4.jpg 849w, https:\/\/parlabas.fr\/wp-content\/uploads\/2024\/02\/Defis-4-300x83.jpg 300w, https:\/\/parlabas.fr\/wp-content\/uploads\/2024\/02\/Defis-4-768x213.jpg 768w\" sizes=\"auto, (max-width: 849px) 100vw, 849px\" \/><\/figure>\n\n\n\n<div style=\"height:24px\" aria-hidden=\"true\" class=\"wp-block-spacer\"><\/div>\n\n\n\n<p><strong>Les coulisses<\/strong><\/p>\n\n\n\n<p>Parfois les enfants me demandent comment j&rsquo;ai fait, alors je leur envoie une photo de l&rsquo;installation du jour.<\/p>\n\n\n\n<div class=\"wp-block-media-text is-stacked-on-mobile\" style=\"grid-template-columns:33% auto\"><figure class=\"wp-block-media-text__media\"><video controls src=\"https:\/\/parlabas.fr\/wp-content\/uploads\/2024\/02\/Defi37.mp4\"><\/video><\/figure><div class=\"wp-block-media-text__content\">\n<div class=\"wp-block-group is-vertical is-layout-flex wp-container-core-group-is-layout-8cf370e7 wp-block-group-is-layout-flex\">\n<p>Par exemple, pour le D\u00e9fi 37<\/p>\n\n\n\n<p>D\u00e9fi : Oxyg\u00e8ne<\/p>\n\n\n\n<p>Extrait musical : BO du film In the mood for love<\/p>\n<\/div>\n<\/div><\/div>\n\n\n\n<div style=\"height:24px\" aria-hidden=\"true\" class=\"wp-block-spacer\"><\/div>\n\n\n\n<div class=\"wp-block-media-text is-stacked-on-mobile\" style=\"grid-template-columns:29% auto\"><figure class=\"wp-block-media-text__media\"><img loading=\"lazy\" decoding=\"async\" width=\"864\" height=\"864\" src=\"http:\/\/parlabas.fr\/wp-content\/uploads\/2024\/02\/coulisses.jpg\" alt=\"\" class=\"wp-image-546 size-full\" srcset=\"https:\/\/parlabas.fr\/wp-content\/uploads\/2024\/02\/coulisses.jpg 864w, https:\/\/parlabas.fr\/wp-content\/uploads\/2024\/02\/coulisses-300x300.jpg 300w, https:\/\/parlabas.fr\/wp-content\/uploads\/2024\/02\/coulisses-150x150.jpg 150w, https:\/\/parlabas.fr\/wp-content\/uploads\/2024\/02\/coulisses-768x768.jpg 768w\" sizes=\"auto, (max-width: 864px) 100vw, 864px\" \/><\/figure><div class=\"wp-block-media-text__content\">\n<p>voici les coulisses.<\/p>\n<\/div><\/div>\n","protected":false},"excerpt":{"rendered":"<p>Chaque jour, pendant les 54 jours du 1er confinement commenc\u00e9 en mars 2020, je fabrique une vid\u00e9o pour proposer un d\u00e9fi artistique \u00e0 mes proches. Avec mon t\u00e9l\u00e9phone, je filme une courte s\u00e9quence, de 30 secondes \u00e0 2 minutes. Je choisis une id\u00e9e de d\u00e9fi. Puis en une heure ou deux maximum, je transforme mon&hellip;&nbsp;<a href=\"https:\/\/parlabas.fr\/index.php\/defis-artistiques-du-confinement\/\" class=\"\" rel=\"bookmark\">Lire la suite &raquo;<span class=\"screen-reader-text\">D\u00e9fis artistiques du confinement<\/span><\/a><\/p>\n","protected":false},"author":1,"featured_media":0,"parent":0,"menu_order":0,"comment_status":"closed","ping_status":"closed","template":"","meta":{"neve_meta_sidebar":"left","neve_meta_container":"contained","neve_meta_enable_content_width":"","neve_meta_content_width":70,"neve_meta_title_alignment":"","neve_meta_author_avatar":"","neve_post_elements_order":"","neve_meta_disable_header":"","neve_meta_disable_footer":"on","neve_meta_disable_title":"","footnotes":""},"class_list":["post-70","page","type-page","status-publish","hentry"],"_links":{"self":[{"href":"https:\/\/parlabas.fr\/index.php\/wp-json\/wp\/v2\/pages\/70","targetHints":{"allow":["GET"]}}],"collection":[{"href":"https:\/\/parlabas.fr\/index.php\/wp-json\/wp\/v2\/pages"}],"about":[{"href":"https:\/\/parlabas.fr\/index.php\/wp-json\/wp\/v2\/types\/page"}],"author":[{"embeddable":true,"href":"https:\/\/parlabas.fr\/index.php\/wp-json\/wp\/v2\/users\/1"}],"replies":[{"embeddable":true,"href":"https:\/\/parlabas.fr\/index.php\/wp-json\/wp\/v2\/comments?post=70"}],"version-history":[{"count":22,"href":"https:\/\/parlabas.fr\/index.php\/wp-json\/wp\/v2\/pages\/70\/revisions"}],"predecessor-version":[{"id":2992,"href":"https:\/\/parlabas.fr\/index.php\/wp-json\/wp\/v2\/pages\/70\/revisions\/2992"}],"wp:attachment":[{"href":"https:\/\/parlabas.fr\/index.php\/wp-json\/wp\/v2\/media?parent=70"}],"curies":[{"name":"wp","href":"https:\/\/api.w.org\/{rel}","templated":true}]}}